*o/(-9)*3?
2
Suppose -2*m + 2*u = 4*u - 6, 5*m + 4*u - 15 = 0. Suppose 4*z - 5*z = 4*a + 65, -3 = m*z. What is the units digit of 2/a*6 + 1246/8?
5
Let b be 56/140 + 8/(-10)*773. Let r = 1414 + b. What is the units digit of r?
6
Let m(h) = -h**3 + 12*h**2 - 22*h + 14. Suppose 8 = 2*k - 12. Let w be m(k). What is the tens digit of (w - -4)/(2/(-76))?
7
Let o = 102 - 129. Let n(r) = -11*r + 105. What is the hundreds digit of n(o)?
4
Suppose -s + 508 = -7*b + 4*b, -2*b - 317 = -5*s. Let v = 233 + b. What is the units digit of v?
2
Let f(s) = 72*s**2 - 15*s + 32. Let r be f(2). Let n = -126 + r. What is the tens digit of n?
6
Let s(h) = 21*h + 16. Let r(c) be the first derivative of 5*c**2/2 + 4*c - 5. Let w(g) = -9*r(g) + 2*s(g). What is the tens digit of w(-7)?
1
Let s(f) = -3*f**3 - 14*f**2 + 14*f - 12. Let j be s(-12). Suppose -9*h + 5*h + j = 0. What is the hundreds digit of h?
7
Suppose 4*j - 367 = -5*h + 1056, h = j - 349. Suppose -3*o = -5*o + j. Suppose o = 3*y - 109. What is the units digit of y?
5
Let x(w) = -233*w**3 + 8*w**2 - 4*w - 21. What is the ten thousands digit of x(-4)?
1
Let g(b) be the first derivative of -9*b**2/2 - 40*b + 1419. Let w = 12 + -19. What is the tens digit of g(w)?
2
Suppose -101*b = 70*b - 1881160 - 3849221. What is the tens digit of b?
1
Suppose 0 = k, 2*k - 17 = -3*a + 10. What is the units digit of ((-3)/a + 10/12)*1228?
4
Suppose -285 = 47*x - 28*x. Let a(u) = -u**2 + 4 + 2*u**2 + 11*u - 1. What is the units digit of a(x)?
3
Suppose 5*g - 29 = -9. Suppose -v - 4*a - 1 = 0, 4*v = a + g*a - 88. What is the tens digit of v/((-476)/1200) + (-2)/(-14)?
4
Suppose 8410 = 4*g - 39002. What is the thousands digit of g?
1
Let q = 423 + -611. Let p = -2378 + 2247. Let z = p - q. What is the units digit of z?
7
Suppose 0 = 5*z + 13 + 7, k + 3*z + 7 = 0. What is the units digit of k/((-5)/(5 + -420))?
5
Suppose -7*u + 10 = -4. Let b be (-2136)/18*9/(-6). Suppose -u*n = -528 + b. What is the hundreds digit of n?
1
Let u be (3 - (-3 + 9))*60/18. Let x be 12/u*10/4. What is the units digit of (-12)/36 - 517/x?
2
Suppose -2*s = 4*m - 794, -3*m - 4*s = 364 - 962. Suppose -m = 6*t - 1182. Suppose 0 = 9*l - 5*l - t. What is the units digit of l?
1
Let v = 11634 + 3631. What is the thousands digit of v?
5
Suppose 2*l - 18 = 4*h, -2*l + 6*l = -4. What is the tens digit of (-10)/(-5 + h)*(-608)/(-2)?
0
Suppose 16*x = 16*x - 3*x + 25017. What is the hundreds digit of x?
3
Let a(d) = d**2 - 16*d + 32. Let c be a(14). Suppose 0 = -c*u + 5*o - 89 + 28, -52 = 3*u - 5*o. What is the tens digit of ((-3)/(u/2))/(1/72)?
4
Let j(w) = 86*w**2 - 2*w - 13. Let s be j(-3). Let d = s + -410. Suppose -6*k = -123 - d. What is the units digit of k?
0
Suppose 1490*l - 958052 = 1422*l. What is the ten thousands digit of l?
1
Suppose -4*n = 3*w - 8399, 5*w + 16*n - 11*n = 14000. What is the hundreds digit of w?
8
Suppose -4*j - m - 3*m = 1012, 3*j + 719 = 5*m. Let h = j + 1011. What is the tens digit of h?
6
What is the thousands digit of (-24288)/60*(-224*5)/7?
4
Let s(t) = -26*t + 46*t**2 + 28 - 19*t**2 - 26*t**2. Let k be s(26). What is the tens digit of 8/((-12)/42 + 9/k)?
2
Let o(f) = -16364*f + 213. What is the tens digit of o(-2)?
4
What is the tens digit of 276/2070 - (-14488)/15?
6
Let m = 56071 + -12655. What is the hundreds digit of m?
4
Let w = -136 - -254. Suppose v + 56 + w = 2*m, 2*v = 5*m - 433. What is the units digit of m?
5
Suppose -5067 = -j + 5*x, 12*j - 10*j = -4*x + 10148. What is the tens digit of j?
7
Let d be (12/(-18) - -3)/(1/6). Let w(c) = 10*c + 0 + 2*c + d + 8. What is the units digit of w(4)?
0
Suppose 24*i + 10*i - 1676880 = 0. What is the units digit of i/56 - (-4)/(-56)*-4?
1
Let r(m) = -10 + 4 + 10 - 103*m. Let h be r(-1). Suppose h + 89 = 2*c. What is the tens digit of c?
9
Suppose 18*h = 16*h + 8. What is the units digit of (2 - -24)*3/(h + -1)?
6
Let i(g) = 26*g**3 + 11. Let l(m) = m**3 - 12*m**2 + 15*m + 53. Let x be l(10). What is the units digit of i(x)?
3
What is the ten thousands digit of 66064 - ((-10)/40 - (-294)/24)?
6
Suppose -54*n - 626876 - 703332 = -142*n. What is the ten thousands digit of n?
1
Let z(m) = 88*m - 402. Let x(a) = -59*a + 267. Let n(h) = -8*x(h) - 5*z(h). What is the tens digit of n(15)?
5
Let f = -4702 - -12558. What is the hundreds digit of f?
8
Let o(v) = -v**2 - 16*v - 63. Let f be o(-7). Suppose f = -5*r + 4*r - h + 536, -2*h - 1088 = -2*r. What is the units digit of r?
0
Suppose 4*j + 6*n = 2*n + 10160, j - 3*n - 2544 = 0. What is the thousands digit of j?
2
Suppose -3*u + 4*m = -26, 10*m - 6*m - 4 = 0. What is the hundreds digit of (5/(-1))/(u/(-630))?
3
Let j = 90946 + -35826. What is the ten thousands digit of j?
5
Suppose 16*h - 24*h = 712. Suppose -7*n = -4*n + 72. Let f = n - h. What is the units digit of f?
5
Suppose 5*q - 4025 = -5*i, -8*i = -6*i - q - 1616. Let w = 1412 - i. What is the units digit of w?
5
Suppose -6*y = z - 8*y - 1970, -2*y + 13870 = 7*z. What is the hundreds digit of z?
9
Suppose 5*z + 36 = -9. Let u be (408/z - -2)*-3. Suppose 5*d = -4*r + 646, -d = -0*r + r - u. What is the units digit of d?
6
Let j be 114/(-4)*(-3 + (-14)/2). Suppose 4*w + j + 383 = 0. Let o = 405 + w. What is the units digit of o?
8
Suppose 0 = 1061*m - 1074*m + 354861. What is the thousands digit of m?
7
Let h(u) = 20*u**2 - 14*u - 10. Let l be h(7). Let z = l + -516. What is the tens digit of z?
5
Suppose 542 + 244 = 2*h. Suppose 11447 + h = 16*n. What is the hundreds digit of n?
7
Suppose 5*z - 1749 = -139. Let s = -235 + 243. Suppose s*t = 6*t + z. What is the hundreds digit of t?
1
Let c(n) = 40*n**2 + 8*n - 45. Suppose -33*q - 25 = -38*q. What is the hundreds digit of c(q)?
9
Suppose 6*l + 22481 - 29018 = 39261. What is the units digit of l?
3
Suppose -3*u = -5*d + u, -3*u + 15 = 0. Suppose 0 = -2*o + 14 - d. Suppose -i + 5*x - 104 = -3*i, 3*i = -o*x + 166. What is the units digit of i?
2
Let c(l) = -14*l**2 + l - 2. Let t(z) = 15*z**2 - z + 3. Let d(a) = -7*c(a) - 6*t(a). Suppose -591*r - 69 = -568*r. What is the tens digit of d(r)?
7
Let l be 111/21 - (-2 + 32/14). Suppose 2*q - 80 = -q - 2*y, l*y = -2*q + 35. Let k = q - -25. What is the units digit of k?
5
Let w = -1484 - -3428. What is the units digit of w/(-10)*25/(-10)?
6
What is the tens digit of (-5*4/(-40))/(2/14172)?
4
Let q(c) = -1221*c - 5. Let f be q(-5). Suppose -5*t + 5*d = -0*t - f, -2435 = -2*t + 3*d. What is the tens digit of t?
2
Suppose -4*k + 0*k = 0. Suppose k = -4*n - 3*r - 14, 6*n - 5*r = n - 35. Let v(a) = a**2 + 5. What is the units digit of v(n)?
0
Let x(d) = 6578*d - 123. What is the thousands digit of x(2)?
3
Let d(a) = -a + 19. Let h be d(7). Let l be ((-8)/h)/(120/63 - 2). Suppose -l*b + 476 = -294. What is the tens digit of b?
1
Suppose -10*j - j + 378148 = 140196. What is the units digit of j?
2
Let a be -1*-1*(1 - -2)*3. Let u = 199 - a. What is the units digit of u?
0
Let v be (3/(-9))/(2/(-24)). Suppose -q - 4 = 0, -k - v*k - 3 = 2*q. What is the units digit of -5*((-144)/5 + k)?
9
Suppose -2*y - 44 = -52. Suppose -4*c - 2*i = -379 - 427, -c = -y*i - 224. What is the hundreds digit of c?
2
Let u(p) = -1586*p + 7222. What is the units digit of u(-11)?
8
Let a(n) = -4*n**3 + 3*n + 2. Let o be a(-2). Let w = -28 + o. Suppose 2*s - s - 102 = w. What is the hundreds digit of s?
1
Let l = -6176 - -17350. What is the ten thousands digit of l?
1
Suppose f - 8103 = 5*m - 9*m, 3*f - 5*m = 24241. What is the hundreds digit of f?
0
Let g(a) = 4*a**2 + 17*a - 21. Let t be ((0 + -5)*-2)/(-1). What is the units digit of g(t)?
9
Suppose 2*i + 2 = 0, -2*p + 2*i = -4*p - 18. Let d = p - -24. What is the units digit of d/(-4) + 242 + -4?
4
Let s = -987 + -9. Let m = -648 - s. What is the tens digit of m?
4
Let p be (-350)/(-40)*(-8)/(-2). Let a = 2541 + -1759. Suppose -a - p = -4*d - w, w = 3*d - 611. What is the hundreds digit of d?
2
Suppose -4*y + 24 = -0*h - 5*h, -4*h - 36 = y. What is the hundreds digit of ((36/h)/(-3))/((-3)/(-964))?
4
Suppose 12*y = 1 + 23. Let c(a) = 376*a - 44. What is the hundreds digit of c(y)?
7
Let r = 2784 + -2740. Let v(m) = -2*m. Let j be v(-3). Suppose 0 = -j*l + r + 88. What is the tens digit of l?
2
Let l = 20653 - 20540. What is the tens digit of l?
1
Suppose 4*p = 